{"id":314,"date":"2024-06-29T01:40:40","date_gmt":"2024-06-29T08:40:40","guid":{"rendered":"https:\/\/fuerzamigrante.ca\/?page_id=314"},"modified":"2024-06-29T01:41:02","modified_gmt":"2024-06-29T08:41:02","slug":"lamaraca","status":"publish","type":"page","link":"https:\/\/fuerzamigrante.ca\/en\/lamaraca\/","title":{"rendered":"La Maraca"},"content":{"rendered":"<p>La Maraca, es la nueva revista comunitaria de la Fuerza Migrante, mediante la cual buscamos compartir historias, informaci\u00f3n, y mensajes de solidaridad entre las granjas, para fomentar la organizaci\u00f3n y el crecimiento del movimiento migrante.<\/p>\n\n\n\n<p>En el primer n\u00famero de La Maraca, puedes leer algunas historias de trabajadorxs agr\u00edcolas migrantes que enfrentan dificultades por el racismo sist\u00e9mico; aprender cu\u00e1l es el objetivo de este proyecto; leer un poco acerca de las ganancias de los patrones y c\u00f3mo se comparan a las de les migrantes; ver un poco de cifras y las sumas de dinero que se llevan a la bolsa les Canadienses a costa de les migrantes; y aprender un poco sobre la situaci\u00f3n en Palestina, y porqu\u00e9 Fuerza Migrante se mantiene en solidaridad con ese pueblo que lucha por su libertad y la justicia.<\/p>\n\n\n\n<p>Puedes bajar la <a href=\"https:\/\/fuerzamigrante.ca\/wp-content\/uploads\/2024\/06\/La-Maraca_issue-01-COLOUR.pdf\">revista en versi\u00f3n PDF aqu\u00ed<\/a>, y pronto subiremos los art\u00edculos a la p\u00e1gina para que los puedas leer m\u00e1s f\u00e1cil.<\/p>\n\n\n\n<p>Y como siempre, \u00a1Fuerza Migrante te invita a participar en este proyecto y ayudar a hacerlo mejor! No dudes en escribirnos a <a href=\"mailto:lamaraca@fuerzamigrante.ca\">lamaraca@fuerzamigrante.ca<\/a> si tienes alguna sugerencia, queja, o comentario.<\/p>","protected":false},"excerpt":{"rendered":"<p>La Maraca, es la nueva revista comunitaria de la Fuerza Migrante, mediante la cual buscamos compartir historias, informaci\u00f3n, y mensajes de solidaridad entre las granjas, para fomentar la organizaci\u00f3n y el crecimiento del movimiento migrante. En el primer n\u00famero de La Maraca, puedes leer algunas historias de trabajadorxs agr\u00edcolas migrantes que enfrentan dificultades por el [&hellip;]<\/p>\n","protected":false},"author":1,"featured_media":315,"parent":0,"menu_order":0,"comment_status":"closed","ping_status":"closed","template":"","meta":{"footnotes":""},"class_list":["post-314","page","type-page","status-publish","has-post-thumbnail","hentry"],"yoast_head":"<!-- This site is optimized with the Yoast SEO plugin v27.2 - https:\/\/yoast.com\/product\/yoast-seo-wordpress\/ -->\n<title>La Maraca - Fuerza Migrante<\/title>\n<meta name=\"description\" content=\"La Maraca es un proyecto comunitario, hecho por y para les migrantes. Esta revista busca darle forma escrita a nuestros sue\u00f1os.\" \/>\n<meta name=\"robots\" content=\"index, follow, max-snippet:-1, max-image-preview:large, max-video-preview:-1\" \/>\n<link rel=\"canonical\" href=\"https:\/\/fuerzamigrante.ca\/en\/lamaraca\/\" \/>\n<meta property=\"og:locale\" content=\"en_US\" \/>\n<meta property=\"og:type\" content=\"article\" \/>\n<meta property=\"og:title\" content=\"La Maraca - Fuerza Migrante\" \/>\n<meta property=\"og:description\" content=\"La Maraca es un proyecto comunitario, hecho por y para les migrantes. Esta revista busca darle forma escrita a nuestros sue\u00f1os.\" \/>\n<meta property=\"og:url\" content=\"https:\/\/fuerzamigrante.ca\/en\/lamaraca\/\" \/>\n<meta property=\"og:site_name\" content=\"Fuerza Migrante\" \/>\n<meta property=\"article:publisher\" content=\"https:\/\/facebook.com\/fuerzamigrantx\" \/>\n<meta property=\"article:modified_time\" content=\"2024-06-29T08:41:02+00:00\" \/>\n<meta property=\"og:image\" content=\"https:\/\/fuerzamigrante.ca\/wp-content\/uploads\/2024\/06\/La-Maraca-portada-01.jpg\" \/>\n\t<meta property=\"og:image:width\" content=\"624\" \/>\n\t<meta property=\"og:image:height\" content=\"956\" \/>\n\t<meta property=\"og:image:type\" content=\"image\/jpeg\" \/>\n<meta name=\"twitter:card\" content=\"summary_large_image\" \/>\n<meta name=\"twitter:site\" content=\"@fuerzamigrantx\" \/>\n<meta name=\"twitter:label1\" content=\"Est. reading time\" \/>\n\t<meta name=\"twitter:data1\" content=\"2 minutes\" \/>\n<script type=\"application\/ld+json\" class=\"yoast-schema-graph\">{\"@context\":\"https:\/\/schema.org\",\"@graph\":[{\"@type\":\"WebPage\",\"@id\":\"https:\/\/fuerzamigrante.ca\/lamaraca\/\",\"url\":\"https:\/\/fuerzamigrante.ca\/lamaraca\/\",\"name\":\"La Maraca - Fuerza Migrante\",\"isPartOf\":{\"@id\":\"https:\/\/fuerzamigrante.ca\/#website\"},\"primaryImageOfPage\":{\"@id\":\"https:\/\/fuerzamigrante.ca\/lamaraca\/#primaryimage\"},\"image\":{\"@id\":\"https:\/\/fuerzamigrante.ca\/lamaraca\/#primaryimage\"},\"thumbnailUrl\":\"https:\/\/fuerzamigrante.ca\/wp-content\/uploads\/2024\/06\/La-Maraca-portada-01.jpg\",\"datePublished\":\"2024-06-29T08:40:40+00:00\",\"dateModified\":\"2024-06-29T08:41:02+00:00\",\"description\":\"La Maraca es un proyecto comunitario, hecho por y para les migrantes. Esta revista busca darle forma escrita a nuestros sue\u00f1os.\",\"breadcrumb\":{\"@id\":\"https:\/\/fuerzamigrante.ca\/lamaraca\/#breadcrumb\"},\"inLanguage\":\"en-CA\",\"potentialAction\":[{\"@type\":\"ReadAction\",\"target\":[\"https:\/\/fuerzamigrante.ca\/lamaraca\/\"]}]},{\"@type\":\"ImageObject\",\"inLanguage\":\"en-CA\",\"@id\":\"https:\/\/fuerzamigrante.ca\/lamaraca\/#primaryimage\",\"url\":\"https:\/\/fuerzamigrante.ca\/wp-content\/uploads\/2024\/06\/La-Maraca-portada-01.jpg\",\"contentUrl\":\"https:\/\/fuerzamigrante.ca\/wp-content\/uploads\/2024\/06\/La-Maraca-portada-01.jpg\",\"width\":624,\"height\":956},{\"@type\":\"BreadcrumbList\",\"@id\":\"https:\/\/fuerzamigrante.ca\/lamaraca\/#breadcrumb\",\"itemListElement\":[{\"@type\":\"ListItem\",\"position\":1,\"name\":\"Home\",\"item\":\"https:\/\/fuerzamigrante.ca\/\"},{\"@type\":\"ListItem\",\"position\":2,\"name\":\"La Maraca\"}]},{\"@type\":\"WebSite\",\"@id\":\"https:\/\/fuerzamigrante.ca\/#website\",\"url\":\"https:\/\/fuerzamigrante.ca\/\",\"name\":\"Fuerza Migrante\",\"description\":\"Por la libertad y autonom\u00eda de les migrantes!\",\"publisher\":{\"@id\":\"https:\/\/fuerzamigrante.ca\/#organization\"},\"potentialAction\":[{\"@type\":\"SearchAction\",\"target\":{\"@type\":\"EntryPoint\",\"urlTemplate\":\"https:\/\/fuerzamigrante.ca\/?s={search_term_string}\"},\"query-input\":{\"@type\":\"PropertyValueSpecification\",\"valueRequired\":true,\"valueName\":\"search_term_string\"}}],\"inLanguage\":\"en-CA\"},{\"@type\":\"Organization\",\"@id\":\"https:\/\/fuerzamigrante.ca\/#organization\",\"name\":\"Fuerza Migrante\",\"url\":\"https:\/\/fuerzamigrante.ca\/\",\"logo\":{\"@type\":\"ImageObject\",\"inLanguage\":\"en-CA\",\"@id\":\"https:\/\/fuerzamigrante.ca\/#\/schema\/logo\/image\/\",\"url\":\"https:\/\/fuerzamigrante.ca\/wp-content\/uploads\/2020\/08\/fm-logo-main.png\",\"contentUrl\":\"https:\/\/fuerzamigrante.ca\/wp-content\/uploads\/2020\/08\/fm-logo-main.png\",\"width\":547,\"height\":594,\"caption\":\"Fuerza Migrante\"},\"image\":{\"@id\":\"https:\/\/fuerzamigrante.ca\/#\/schema\/logo\/image\/\"},\"sameAs\":[\"https:\/\/facebook.com\/fuerzamigrantx\",\"https:\/\/x.com\/fuerzamigrantx\"]}]}<\/script>\n<!-- \/ Yoast SEO plugin. -->","yoast_head_json":{"title":"La Maraca - Fuerza Migrante","description":"La Maraca es un proyecto comunitario, hecho por y para les migrantes. Esta revista busca darle forma escrita a nuestros sue\u00f1os.","robots":{"index":"index","follow":"follow","max-snippet":"max-snippet:-1","max-image-preview":"max-image-preview:large","max-video-preview":"max-video-preview:-1"},"canonical":"https:\/\/fuerzamigrante.ca\/en\/lamaraca\/","og_locale":"en_US","og_type":"article","og_title":"La Maraca - Fuerza Migrante","og_description":"La Maraca es un proyecto comunitario, hecho por y para les migrantes. Esta revista busca darle forma escrita a nuestros sue\u00f1os.","og_url":"https:\/\/fuerzamigrante.ca\/en\/lamaraca\/","og_site_name":"Fuerza Migrante","article_publisher":"https:\/\/facebook.com\/fuerzamigrantx","article_modified_time":"2024-06-29T08:41:02+00:00","og_image":[{"width":624,"height":956,"url":"https:\/\/fuerzamigrante.ca\/wp-content\/uploads\/2024\/06\/La-Maraca-portada-01.jpg","type":"image\/jpeg"}],"twitter_card":"summary_large_image","twitter_site":"@fuerzamigrantx","twitter_misc":{"Est. reading time":"2 minutes"},"schema":{"@context":"https:\/\/schema.org","@graph":[{"@type":"WebPage","@id":"https:\/\/fuerzamigrante.ca\/lamaraca\/","url":"https:\/\/fuerzamigrante.ca\/lamaraca\/","name":"La Maraca - Fuerza Migrante","isPartOf":{"@id":"https:\/\/fuerzamigrante.ca\/#website"},"primaryImageOfPage":{"@id":"https:\/\/fuerzamigrante.ca\/lamaraca\/#primaryimage"},"image":{"@id":"https:\/\/fuerzamigrante.ca\/lamaraca\/#primaryimage"},"thumbnailUrl":"https:\/\/fuerzamigrante.ca\/wp-content\/uploads\/2024\/06\/La-Maraca-portada-01.jpg","datePublished":"2024-06-29T08:40:40+00:00","dateModified":"2024-06-29T08:41:02+00:00","description":"La Maraca es un proyecto comunitario, hecho por y para les migrantes. Esta revista busca darle forma escrita a nuestros sue\u00f1os.","breadcrumb":{"@id":"https:\/\/fuerzamigrante.ca\/lamaraca\/#breadcrumb"},"inLanguage":"en-CA","potentialAction":[{"@type":"ReadAction","target":["https:\/\/fuerzamigrante.ca\/lamaraca\/"]}]},{"@type":"ImageObject","inLanguage":"en-CA","@id":"https:\/\/fuerzamigrante.ca\/lamaraca\/#primaryimage","url":"https:\/\/fuerzamigrante.ca\/wp-content\/uploads\/2024\/06\/La-Maraca-portada-01.jpg","contentUrl":"https:\/\/fuerzamigrante.ca\/wp-content\/uploads\/2024\/06\/La-Maraca-portada-01.jpg","width":624,"height":956},{"@type":"BreadcrumbList","@id":"https:\/\/fuerzamigrante.ca\/lamaraca\/#breadcrumb","itemListElement":[{"@type":"ListItem","position":1,"name":"Home","item":"https:\/\/fuerzamigrante.ca\/"},{"@type":"ListItem","position":2,"name":"La Maraca"}]},{"@type":"WebSite","@id":"https:\/\/fuerzamigrante.ca\/#website","url":"https:\/\/fuerzamigrante.ca\/","name":"Fuerza Migrante","description":"For the autonomy and freedom of all migrants!","publisher":{"@id":"https:\/\/fuerzamigrante.ca\/#organization"},"potentialAction":[{"@type":"SearchAction","target":{"@type":"EntryPoint","urlTemplate":"https:\/\/fuerzamigrante.ca\/?s={search_term_string}"},"query-input":{"@type":"PropertyValueSpecification","valueRequired":true,"valueName":"search_term_string"}}],"inLanguage":"en-CA"},{"@type":"Organization","@id":"https:\/\/fuerzamigrante.ca\/#organization","name":"Fuerza Migrante","url":"https:\/\/fuerzamigrante.ca\/","logo":{"@type":"ImageObject","inLanguage":"en-CA","@id":"https:\/\/fuerzamigrante.ca\/#\/schema\/logo\/image\/","url":"https:\/\/fuerzamigrante.ca\/wp-content\/uploads\/2020\/08\/fm-logo-main.png","contentUrl":"https:\/\/fuerzamigrante.ca\/wp-content\/uploads\/2020\/08\/fm-logo-main.png","width":547,"height":594,"caption":"Fuerza Migrante"},"image":{"@id":"https:\/\/fuerzamigrante.ca\/#\/schema\/logo\/image\/"},"sameAs":["https:\/\/facebook.com\/fuerzamigrantx","https:\/\/x.com\/fuerzamigrantx"]}]}},"_links":{"self":[{"href":"https:\/\/fuerzamigrante.ca\/en\/wp-json\/wp\/v2\/pages\/314","targetHints":{"allow":["GET"]}}],"collection":[{"href":"https:\/\/fuerzamigrante.ca\/en\/wp-json\/wp\/v2\/pages"}],"about":[{"href":"https:\/\/fuerzamigrante.ca\/en\/wp-json\/wp\/v2\/types\/page"}],"author":[{"embeddable":true,"href":"https:\/\/fuerzamigrante.ca\/en\/wp-json\/wp\/v2\/users\/1"}],"replies":[{"embeddable":true,"href":"https:\/\/fuerzamigrante.ca\/en\/wp-json\/wp\/v2\/comments?post=314"}],"version-history":[{"count":4,"href":"https:\/\/fuerzamigrante.ca\/en\/wp-json\/wp\/v2\/pages\/314\/revisions"}],"predecessor-version":[{"id":320,"href":"https:\/\/fuerzamigrante.ca\/en\/wp-json\/wp\/v2\/pages\/314\/revisions\/320"}],"wp:featuredmedia":[{"embeddable":true,"href":"https:\/\/fuerzamigrante.ca\/en\/wp-json\/wp\/v2\/media\/315"}],"wp:attachment":[{"href":"https:\/\/fuerzamigrante.ca\/en\/wp-json\/wp\/v2\/media?parent=314"}],"curies":[{"name":"wp","href":"https:\/\/api.w.org\/{rel}","templated":true}]}}

<p>La Maraca, es la nueva revista comunitaria de la Fuerza Migrante, mediante la cual buscamos compartir historias, información, y mensajes de solidaridad entre las granjas, para fomentar la organización y el crecimiento del movimiento migrante.</p>



<p>En el primer número de La Maraca, puedes leer algunas historias de trabajadorxs agrícolas migrantes que enfrentan dificultades por el racismo sistémico; aprender cuál es el objetivo de este proyecto; leer un poco acerca de las ganancias de los patrones y cómo se comparan a las de les migrantes; ver un poco de cifras y las sumas de dinero que se llevan a la bolsa les Canadienses a costa de les migrantes; y aprender un poco sobre la situación en Palestina, y porqué Fuerza Migrante se mantiene en solidaridad con ese pueblo que lucha por su libertad y la justicia.</p>



<p>Puedes bajar la <a href="https://fuerzamigrante.ca/wp-content/uploads/2024/06/La-Maraca_issue-01-COLOUR.pdf">revista en versión PDF aquí</a>, y pronto subiremos los artículos a la página para que los puedas leer más fácil.</p>



<p>Y como siempre, ¡Fuerza Migrante te invita a participar en este proyecto y ayudar a hacerlo mejor! No dudes en escribirnos a <a href="mailto:lamaraca@fuerzamigrante.ca">lamaraca@fuerzamigrante.ca</a> si tienes alguna sugerencia, queja, o comentario.</p>

<p>La Maraca, es la nueva revista comunitaria de la Fuerza Migrante, mediante la cual buscamos compartir historias, información, y mensajes de solidaridad entre las granjas, para fomentar la organización y el crecimiento del movimiento migrante. En el primer número de La Maraca, puedes leer algunas historias de trabajadorxs agrícolas migrantes que enfrentan dificultades por el [&hellip;]</p>

<!-- This site is optimized with the Yoast SEO plugin v27.2 - https://yoast.com/product/yoast-seo-wordpress/ -->
<title>La Maraca - Fuerza Migrante</title>
<meta name="description" content="La Maraca es un proyecto comunitario, hecho por y para les migrantes. Esta revista busca darle forma escrita a nuestros sueños." />
<meta name="robots" content="index, follow, max-snippet:-1, max-image-preview:large, max-video-preview:-1" />
<link rel="canonical" href="https://fuerzamigrante.ca/en/lamaraca/" />
<meta property="og:locale" content="en_US" />
<meta property="og:type" content="article" />
<meta property="og:title" content="La Maraca - Fuerza Migrante" />
<meta property="og:description" content="La Maraca es un proyecto comunitario, hecho por y para les migrantes. Esta revista busca darle forma escrita a nuestros sueños." />
<meta property="og:url" content="https://fuerzamigrante.ca/en/lamaraca/" />
<meta property="og:site_name" content="Fuerza Migrante" />
<meta property="article:publisher" content="https://facebook.com/fuerzamigrantx" />
<meta property="article:modified_time" content="2024-06-29T08:41:02+00:00" />
<meta property="og:image" content="https://fuerzamigrante.ca/wp-content/uploads/2024/06/La-Maraca-portada-01.jpg" />
	<meta property="og:image:width" content="624" />
	<meta property="og:image:height" content="956" />
	<meta property="og:image:type" content="image/jpeg" />
<meta name="twitter:card" content="summary_large_image" />
<meta name="twitter:site" content="@fuerzamigrantx" />
<meta name="twitter:label1" content="Est. reading time" />
	<meta name="twitter:data1" content="2 minutes" />
<script type="application/ld+json" class="yoast-schema-graph">{"@context":"https://schema.org","@graph":[{"@type":"WebPage","@id":"https://fuerzamigrante.ca/lamaraca/","url":"https://fuerzamigrante.ca/lamaraca/","name":"La Maraca - Fuerza Migrante","isPartOf":{"@id":"https://fuerzamigrante.ca/#website"},"primaryImageOfPage":{"@id":"https://fuerzamigrante.ca/lamaraca/#primaryimage"},"image":{"@id":"https://fuerzamigrante.ca/lamaraca/#primaryimage"},"thumbnailUrl":"https://fuerzamigrante.ca/wp-content/uploads/2024/06/La-Maraca-portada-01.jpg","datePublished":"2024-06-29T08:40:40+00:00","dateModified":"2024-06-29T08:41:02+00:00","description":"La Maraca es un proyecto comunitario, hecho por y para les migrantes. Esta revista busca darle forma escrita a nuestros sueños.","breadcrumb":{"@id":"https://fuerzamigrante.ca/lamaraca/#breadcrumb"},"inLanguage":"en-CA","potentialAction":[{"@type":"ReadAction","target":["https://fuerzamigrante.ca/lamaraca/"]}]},{"@type":"ImageObject","inLanguage":"en-CA","@id":"https://fuerzamigrante.ca/lamaraca/#primaryimage","url":"https://fuerzamigrante.ca/wp-content/uploads/2024/06/La-Maraca-portada-01.jpg","contentUrl":"https://fuerzamigrante.ca/wp-content/uploads/2024/06/La-Maraca-portada-01.jpg","width":624,"height":956},{"@type":"BreadcrumbList","@id":"https://fuerzamigrante.ca/lamaraca/#breadcrumb","itemListElement":[{"@type":"ListItem","position":1,"name":"Home","item":"https://fuerzamigrante.ca/"},{"@type":"ListItem","position":2,"name":"La Maraca"}]},{"@type":"WebSite","@id":"https://fuerzamigrante.ca/#website","url":"https://fuerzamigrante.ca/","name":"Fuerza Migrante","description":"Por la libertad y autonomía de les migrantes!","publisher":{"@id":"https://fuerzamigrante.ca/#organization"},"potentialAction":[{"@type":"SearchAction","target":{"@type":"EntryPoint","urlTemplate":"https://fuerzamigrante.ca/?s={search_term_string}"},"query-input":{"@type":"PropertyValueSpecification","valueRequired":true,"valueName":"search_term_string"}}],"inLanguage":"en-CA"},{"@type":"Organization","@id":"https://fuerzamigrante.ca/#organization","name":"Fuerza Migrante","url":"https://fuerzamigrante.ca/","logo":{"@type":"ImageObject","inLanguage":"en-CA","@id":"https://fuerzamigrante.ca/#/schema/logo/image/","url":"https://fuerzamigrante.ca/wp-content/uploads/2020/08/fm-logo-main.png","contentUrl":"https://fuerzamigrante.ca/wp-content/uploads/2020/08/fm-logo-main.png","width":547,"height":594,"caption":"Fuerza Migrante"},"image":{"@id":"https://fuerzamigrante.ca/#/schema/logo/image/"},"sameAs":["https://facebook.com/fuerzamigrantx","https://x.com/fuerzamigrantx"]}]}</script>
<!-- / Yoast SEO plugin. -->

La Maraca es un proyecto comunitario, hecho por y para les migrantes. Esta revista busca darle forma escrita a nuestros sueños.
